{"version":"1.0","provider_name":"SEDEXPO","provider_url":"https:\/\/www.sedexpo.com\/gl\/","title":"SEDEXPO 2025 | Feira Internacional de Seguridade, Defensa e Emerxencias","type":"rich","width":600,"height":338,"html":"<blockquote class=\"wp-embedded-content\" data-secret=\"rDy7PZ7CMD\"><a href=\"https:\/\/www.sedexpo.com\/gl\/\">Inicio<\/a><\/blockquote><iframe sandbox=\"allow-scripts\" security=\"restricted\" src=\"https:\/\/www.sedexpo.com\/gl\/embed\/#?secret=rDy7PZ7CMD\" width=\"600\" height=\"338\" title=\"&#8220;Inicio&#8221; &#8212; SEDEXPO\" data-secret=\"rDy7PZ7CMD\" frameborder=\"0\" marginwidth=\"0\" marginheight=\"0\" scrolling=\"no\" class=\"wp-embedded-content\"><\/iframe><script>\n\/*! This file is auto-generated *\/\n!function(d,l){\"use strict\";l.querySelector&&d.addEventListener&&\"undefined\"!=typeof URL&&(d.wp=d.wp||{},d.wp.receiveEmbedMessage||(d.wp.receiveEmbedMessage=function(e){var t=e.data;if((t||t.secret||t.message||t.value)&&!\/[^a-zA-Z0-9]\/.test(t.secret)){for(var s,r,n,a=l.querySelectorAll('iframe[data-secret=\"'+t.secret+'\"]'),o=l.querySelectorAll('blockquote[data-secret=\"'+t.secret+'\"]'),c=new RegExp(\"^https?:$\",\"i\"),i=0;i<o.length;i++)o[i].style.display=\"none\";for(i=0;i<a.length;i++)s=a[i],e.source===s.contentWindow&&(s.removeAttribute(\"style\"),\"height\"===t.message?(1e3<(r=parseInt(t.value,10))?r=1e3:~~r<200&&(r=200),s.height=r):\"link\"===t.message&&(r=new URL(s.getAttribute(\"src\")),n=new URL(t.value),c.test(n.protocol))&&n.host===r.host&&l.activeElement===s&&(d.top.location.href=t.value))}},d.addEventListener(\"message\",d.wp.receiveEmbedMessage,!1),l.addEventListener(\"DOMContentLoaded\",function(){for(var e,t,s=l.querySelectorAll(\"iframe.wp-embedded-content\"),r=0;r<s.length;r++)(t=(e=s[r]).getAttribute(\"data-secret\"))||(t=Math.random().toString(36).substring(2,12),e.src+=\"#?secret=\"+t,e.setAttribute(\"data-secret\",t)),e.contentWindow.postMessage({message:\"ready\",secret:t},\"*\")},!1)))}(window,document);\n\/\/# sourceURL=https:\/\/www.sedexpo.com\/wp-includes\/js\/wp-embed.min.js\n<\/script>\n","description":"A Feira Internacional de Seguridade, Defensa e Emerxencias SEDEXPO cel\u00e9brase en Silleda do 26 ao 28 de marzo de 2025. Un certame \u00fanico nun espazo \u00fanico, no que ter\u00e1n cabida t\u00f3dalas pezas clave que conforman os \u00e1mbitos da SEGURIDADE, a DEFENSA e as EMERXENCIAS.","thumbnail_url":"https:\/\/www.sedexpo.com\/wp-content\/uploads\/2022\/02\/sedexpo-logo.png"}

A Feira Internacional de Seguridade, Defensa e Emerxencias SEDEXPO celébrase en Silleda do 26 ao 28 de marzo de 2025. Un certame único nun espazo único, no que terán cabida tódalas pezas clave que conforman os ámbitos da SEGURIDADE, a DEFENSA e as EMERXENCIAS.
